{"id":2835,"date":"2023-10-01T13:10:06","date_gmt":"2023-10-01T11:10:06","guid":{"rendered":"https:\/\/jarleheitmann.no\/?page_id=2835"},"modified":"2024-01-24T13:11:50","modified_gmt":"2024-01-24T12:11:50","slug":"mine-studier-i-sosiale-medier","status":"publish","type":"page","link":"https:\/\/jarleheitmann.no\/index.php\/mine-studier-i-sosiale-medier\/","title":{"rendered":"Studiearbeid og prosjekter"},"content":{"rendered":"\n<h2 class=\"wp-block-heading\">Masteroppgave i statsvitenskap<\/h2>\n\n\n<div class=\"wp-block-image\">\n<figure class=\"alignleft size-full is-resized\"><a href=\"https:\/\/i0.wp.com\/jarleheitmann.no\/wp-content\/uploads\/2023\/10\/Masteroppgave-ferdig-karaktersatt-Jarle-Heitmann.png?ssl=1\"><img data-recalc-dims=\"1\" loading=\"lazy\" decoding=\"async\" data-attachment-id=\"2847\" data-permalink=\"https:\/\/jarleheitmann.no\/index.php\/mine-studier-i-sosiale-medier\/masteroppgave-ferdig-karaktersatt-jarle-heitmann\/\" data-orig-file=\"https:\/\/i0.wp.com\/jarleheitmann.no\/wp-content\/uploads\/2023\/10\/Masteroppgave-ferdig-karaktersatt-Jarle-Heitmann.png?fit=739%2C973&amp;ssl=1\" data-orig-size=\"739,973\" data-comments-opened=\"1\" data-image-meta=\"{&quot;aperture&quot;:&quot;0&quot;,&quot;credit&quot;:&quot;&quot;,&quot;camera&quot;:&quot;&quot;,&quot;caption&quot;:&quot;&quot;,&quot;created_timestamp&quot;:&quot;0&quot;,&quot;copyright&quot;:&quot;&quot;,&quot;focal_length&quot;:&quot;0&quot;,&quot;iso&quot;:&quot;0&quot;,&quot;shutter_speed&quot;:&quot;0&quot;,&quot;title&quot;:&quot;&quot;,&quot;orientation&quot;:&quot;0&quot;}\" data-image-title=\"Masteroppgave &amp;#8211; ferdig karaktersatt &amp;#8211; Jarle Heitmann\" data-image-description=\"\" data-image-caption=\"\" data-medium-file=\"https:\/\/i0.wp.com\/jarleheitmann.no\/wp-content\/uploads\/2023\/10\/Masteroppgave-ferdig-karaktersatt-Jarle-Heitmann.png?fit=228%2C300&amp;ssl=1\" data-large-file=\"https:\/\/i0.wp.com\/jarleheitmann.no\/wp-content\/uploads\/2023\/10\/Masteroppgave-ferdig-karaktersatt-Jarle-Heitmann.png?fit=739%2C973&amp;ssl=1\" src=\"https:\/\/i0.wp.com\/jarleheitmann.no\/wp-content\/uploads\/2023\/10\/Masteroppgave-ferdig-karaktersatt-Jarle-Heitmann.png?resize=310%2C408&#038;ssl=1\" alt=\"\" class=\"wp-image-2847\" style=\"width:310px;height:408px\" width=\"310\" height=\"408\" srcset=\"https:\/\/i0.wp.com\/jarleheitmann.no\/wp-content\/uploads\/2023\/10\/Masteroppgave-ferdig-karaktersatt-Jarle-Heitmann.png?w=739&amp;ssl=1 739w, https:\/\/i0.wp.com\/jarleheitmann.no\/wp-content\/uploads\/2023\/10\/Masteroppgave-ferdig-karaktersatt-Jarle-Heitmann.png?resize=228%2C300&amp;ssl=1 228w\" sizes=\"auto, (max-width: 310px) 100vw, 310px\" \/><\/a><\/figure>\n<\/div>\n\n\n<p>Min <a href=\"https:\/\/munin.uit.no\/handle\/10037\/29715\">masteroppgave<\/a> (2023) bygger videre p\u00e5 det arbeidet som ble gjort med bachelor oppgaven i statsvitenskap om sosiale medier, og de positive og negative kjennetegn som vi finner med fremveksten av sosiale medier. Oppgaven har problemstillingen: &laquo;<strong>Hvordan utfordres lokaldemokratisk politikkutforming av sosiale medier?<\/strong>&raquo; <br><br>Forskningen ble basert p\u00e5 kvalitative metoder, hvor jeg intervjuet 15 gruppeledere eller lokallagsledere i Alta, Narvik og Troms\u00f8 om deres erfaringer med sosiale medier og hvordan det p\u00e5virket deres lokaldemokratiske politikkutforming. Dette ble ogs\u00e5 belyst med caser som fylkestilh\u00f8righet (Alta), skolestruktur (Narvik) og bompenger \/ Tenk Troms\u00f8 (Troms\u00f8). Det ble i den forbindelsen analysert sosiale medier-innlegg for \u00e5 se p\u00e5 om debatten kunne spores tilbake til den lokale politikkutformingen.<br><br>Besvarelsen ble av kommisjonen vurdert til karakteren &laquo;A&raquo;, for \u00e5 v\u00e6re en \u00absv\u00e6rt solid og kompleks oppgave\u00bb, som var \u00abl\u00f8st elegant og p\u00e5 en imponerende m\u00e5te\u00bb. De trakk ogs\u00e5 frem at det var en \u00abnyskapende oppgave\u00bb, med tema som ikke har i s\u00e6rlig grad v\u00e6rt dr\u00f8ftet tidligere, og som bringer ny kunnskap. S\u00e6rlig trakk de frem utviklingen av hypoteser fra empirien og bruken av funnene til \u00e5 sammenligne dette mot demokratiteori. Det kan gi grunnlag for \u00e5 utvikle egen teori p\u00e5 \u00absosiale medier og demokratisk p\u00e5virkning\u00bb. <br><br>Lenke til masteroppgaven hvor den kan lastes ned er : <a href=\"https:\/\/munin.uit.no\/handle\/10037\/29715\" target=\"_blank\" rel=\"noreferrer noopener\">https:\/\/munin.uit.no\/handle\/10037\/29715<\/a><\/p>\n\n\n\n<p><\/p>\n\n\n\n<h2 class=\"wp-block-heading\">Bacheloroppgave i statsvitenskap<\/h2>\n\n\n<div class=\"wp-block-image\">\n<figure class=\"alignleft size-full is-resized\"><a href=\"https:\/\/i0.wp.com\/jarleheitmann.no\/wp-content\/uploads\/2023\/10\/Bacheloroppgave-ferdig-karaktersatt-Jarle-Heitmann.png?ssl=1\"><img data-recalc-dims=\"1\" loading=\"lazy\" decoding=\"async\" data-attachment-id=\"2848\" data-permalink=\"https:\/\/jarleheitmann.no\/index.php\/mine-studier-i-sosiale-medier\/bacheloroppgave-ferdig-karaktersatt-jarle-heitmann\/\" data-orig-file=\"https:\/\/i0.wp.com\/jarleheitmann.no\/wp-content\/uploads\/2023\/10\/Bacheloroppgave-ferdig-karaktersatt-Jarle-Heitmann.png?fit=553%2C751&amp;ssl=1\" data-orig-size=\"553,751\" data-comments-opened=\"1\" data-image-meta=\"{&quot;aperture&quot;:&quot;0&quot;,&quot;credit&quot;:&quot;&quot;,&quot;camera&quot;:&quot;&quot;,&quot;caption&quot;:&quot;&quot;,&quot;created_timestamp&quot;:&quot;0&quot;,&quot;copyright&quot;:&quot;&quot;,&quot;focal_length&quot;:&quot;0&quot;,&quot;iso&quot;:&quot;0&quot;,&quot;shutter_speed&quot;:&quot;0&quot;,&quot;title&quot;:&quot;&quot;,&quot;orientation&quot;:&quot;0&quot;}\" data-image-title=\"Bacheloroppgave-ferdig-karaktersatt-Jarle-Heitmann\" data-image-description=\"\" data-image-caption=\"\" data-medium-file=\"https:\/\/i0.wp.com\/jarleheitmann.no\/wp-content\/uploads\/2023\/10\/Bacheloroppgave-ferdig-karaktersatt-Jarle-Heitmann.png?fit=221%2C300&amp;ssl=1\" data-large-file=\"https:\/\/i0.wp.com\/jarleheitmann.no\/wp-content\/uploads\/2023\/10\/Bacheloroppgave-ferdig-karaktersatt-Jarle-Heitmann.png?fit=553%2C751&amp;ssl=1\" src=\"https:\/\/i0.wp.com\/jarleheitmann.no\/wp-content\/uploads\/2023\/10\/Bacheloroppgave-ferdig-karaktersatt-Jarle-Heitmann.png?resize=320%2C435&#038;ssl=1\" alt=\"\" class=\"wp-image-2848\" style=\"width:320px;height:435px\" width=\"320\" height=\"435\" srcset=\"https:\/\/i0.wp.com\/jarleheitmann.no\/wp-content\/uploads\/2023\/10\/Bacheloroppgave-ferdig-karaktersatt-Jarle-Heitmann.png?w=553&amp;ssl=1 553w, https:\/\/i0.wp.com\/jarleheitmann.no\/wp-content\/uploads\/2023\/10\/Bacheloroppgave-ferdig-karaktersatt-Jarle-Heitmann.png?resize=221%2C300&amp;ssl=1 221w\" sizes=\"auto, (max-width: 320px) 100vw, 320px\" \/><\/a><\/figure>\n<\/div>\n\n\n<p>Min bachoroppgave (2021) tok for seg: &laquo;<strong>Sosiale mediers rolle i politikk<\/strong>&laquo;, med hovedproblemstilling: Kjennetegnes kvaliteten p\u00e5 den politiske samtalen i sosiale medier av deliberative idealer som frihet, saklighet, like muligheter og konsensus? <br><br>Diskusjonstema: I dag er sosiale medier en integrert del av offentligheten og s\u00e5 sentral i \u00e5 forme den politiske dagsorden, \u00f8ke deltakelsen og skape bredere engasjement, at enkelte hevder at det er det moderne demokratiets redning (Aalen 2013). Andre som Matthew Hindman (2009) er mer skeptisk og kaller det myter om demokratisering av politikken. Demokratiet kan faktisk selv-terminere seg, p\u00e5st\u00e5r professor Kimmo Gr\u00f6nlund (\u00c5bo, Finland). Han baserer dette p\u00e5 at dagens demokrati har store problemer med polarisering, hvor befolkningen kommuniserer med likesinnede og danner grupper som blir mer ekstrem og er spesielt \u00e5penbart med sosiale medier. Det er mangel p\u00e5 studier som fokuserer p\u00e5 kvaliteten av deliberasjonen i den offentlige sf\u00e6re og denne oppgaven skal bidra til \u00e5 fylle det hullet.<br><br>Her kan du laste ned bachelor oppgaven om Sosiale mediers rolle i politikk (2021):<br><\/p>\n\n\n\n<div data-wp-interactive=\"core\/file\" class=\"wp-block-file\"><object data-wp-bind--hidden=\"!state.hasPdfPreview\" hidden class=\"wp-block-file__embed\" data=\"https:\/\/jarleheitmann.no\/wp-content\/uploads\/2023\/10\/Jarle-Heitmann-Bacheloroppgave-i-statsvitenskap-STV2020-Var-2021.pdf\" type=\"application\/pdf\" style=\"width:100%;height:600px\" aria-label=\"Innbygging av Jarle Heitmann - Bacheloroppgave i statsvitenskap-STV2020 - V\u00e5r 2021\"><\/object><a id=\"wp-block-file--media-ef39289b-6879-40da-bae8-185c1b15290e\" href=\"https:\/\/jarleheitmann.no\/wp-content\/uploads\/2023\/10\/Jarle-Heitmann-Bacheloroppgave-i-statsvitenskap-STV2020-Var-2021.pdf\">Jarle Heitmann &#8211; Bacheloroppgave i statsvitenskap-STV2020 &#8211; V\u00e5r 2021<\/a><a href=\"https:\/\/jarleheitmann.no\/wp-content\/uploads\/2023\/10\/Jarle-Heitmann-Bacheloroppgave-i-statsvitenskap-STV2020-Var-2021.pdf\" class=\"wp-block-file__button wp-element-button\" download aria-describedby=\"wp-block-file--media-ef39289b-6879-40da-bae8-185c1b15290e\">Last ned<\/a><\/div>\n","protected":false},"excerpt":{"rendered":"<p>Masteroppgave i statsvitenskap Min masteroppgave (2023) bygger videre p\u00e5 det arbeidet som ble gjort med bachelor oppgaven i statsvitenskap om sosiale medier, og de positive og negative kjennetegn som vi [&hellip;]<\/p>\n","protected":false},"author":2,"featured_media":0,"parent":0,"menu_order":0,"comment_status":"closed","ping_status":"closed","template":"","meta":{"jetpack_post_was_ever_published":false,"footnotes":""},"class_list":["post-2835","page","type-page","status-publish","hentry"],"jetpack_sharing_enabled":true,"jetpack_shortlink":"https:\/\/wp.me\/P6OCVj-JJ","jetpack-related-posts":[],"_links":{"self":[{"href":"https:\/\/jarleheitmann.no\/index.php\/wp-json\/wp\/v2\/pages\/2835","targetHints":{"allow":["GET"]}}],"collection":[{"href":"https:\/\/jarleheitmann.no\/index.php\/wp-json\/wp\/v2\/pages"}],"about":[{"href":"https:\/\/jarleheitmann.no\/index.php\/wp-json\/wp\/v2\/types\/page"}],"author":[{"embeddable":true,"href":"https:\/\/jarleheitmann.no\/index.php\/wp-json\/wp\/v2\/users\/2"}],"replies":[{"embeddable":true,"href":"https:\/\/jarleheitmann.no\/index.php\/wp-json\/wp\/v2\/comments?post=2835"}],"version-history":[{"count":6,"href":"https:\/\/jarleheitmann.no\/index.php\/wp-json\/wp\/v2\/pages\/2835\/revisions"}],"predecessor-version":[{"id":3024,"href":"https:\/\/jarleheitmann.no\/index.php\/wp-json\/wp\/v2\/pages\/2835\/revisions\/3024"}],"wp:attachment":[{"href":"https:\/\/jarleheitmann.no\/index.php\/wp-json\/wp\/v2\/media?parent=2835"}],"curies":[{"name":"wp","href":"https:\/\/api.w.org\/{rel}","templated":true}]}}