{"id":16,"date":"2015-10-06T11:44:34","date_gmt":"2015-10-06T11:44:34","guid":{"rendered":"http:\/\/gladitromso.no\/?page_id=16"},"modified":"2024-08-14T14:32:00","modified_gmt":"2024-08-14T12:32:00","slug":"sosiale-medier","status":"publish","type":"page","link":"https:\/\/jarleheitmann.no\/index.php\/sosiale-medier\/","title":{"rendered":"Om Jarle Heitmann"},"content":{"rendered":"<div class=\"wp-block-image\">\n<figure class=\"alignleft size-large is-resized\"><a href=\"https:\/\/i0.wp.com\/jarleheitmann.no\/wp-content\/uploads\/2021\/06\/Profilbilde-Jarle-Heitmann-svart-hvitt-e1696158443339.jpg?ssl=1\"><img data-recalc-dims=\"1\" loading=\"lazy\" decoding=\"async\" width=\"868\" height=\"1024\" data-attachment-id=\"2692\" data-permalink=\"https:\/\/jarleheitmann.no\/index.php\/sosiale-medier\/profilbilde-jarle-heitmann-svart-hvitt\/\" data-orig-file=\"https:\/\/i0.wp.com\/jarleheitmann.no\/wp-content\/uploads\/2021\/06\/Profilbilde-Jarle-Heitmann-svart-hvitt-e1696158443339.jpg?fit=960%2C1132&amp;ssl=1\" data-orig-size=\"960,1132\" data-comments-opened=\"1\" data-image-meta=\"{&quot;aperture&quot;:&quot;0&quot;,&quot;credit&quot;:&quot;&quot;,&quot;camera&quot;:&quot;&quot;,&quot;caption&quot;:&quot;&quot;,&quot;created_timestamp&quot;:&quot;0&quot;,&quot;copyright&quot;:&quot;&quot;,&quot;focal_length&quot;:&quot;0&quot;,&quot;iso&quot;:&quot;0&quot;,&quot;shutter_speed&quot;:&quot;0&quot;,&quot;title&quot;:&quot;&quot;,&quot;orientation&quot;:&quot;0&quot;}\" data-image-title=\"Profilbilde-Jarle-Heitmann-svart-hvitt\" data-image-description=\"\" data-image-caption=\"\" data-medium-file=\"https:\/\/i0.wp.com\/jarleheitmann.no\/wp-content\/uploads\/2021\/06\/Profilbilde-Jarle-Heitmann-svart-hvitt-e1696158443339.jpg?fit=254%2C300&amp;ssl=1\" data-large-file=\"https:\/\/i0.wp.com\/jarleheitmann.no\/wp-content\/uploads\/2021\/06\/Profilbilde-Jarle-Heitmann-svart-hvitt-e1696158443339.jpg?fit=868%2C1024&amp;ssl=1\" src=\"https:\/\/i0.wp.com\/jarleheitmann.no\/wp-content\/uploads\/2021\/06\/Profilbilde-Jarle-Heitmann-svart-hvitt-e1696158443339-868x1024.jpg?resize=868%2C1024&#038;ssl=1\" alt=\"\" class=\"wp-image-2692\" style=\"width:193px;height:227px\" srcset=\"https:\/\/i0.wp.com\/jarleheitmann.no\/wp-content\/uploads\/2021\/06\/Profilbilde-Jarle-Heitmann-svart-hvitt-e1696158443339.jpg?resize=868%2C1024&amp;ssl=1 868w, https:\/\/i0.wp.com\/jarleheitmann.no\/wp-content\/uploads\/2021\/06\/Profilbilde-Jarle-Heitmann-svart-hvitt-e1696158443339.jpg?resize=254%2C300&amp;ssl=1 254w, https:\/\/i0.wp.com\/jarleheitmann.no\/wp-content\/uploads\/2021\/06\/Profilbilde-Jarle-Heitmann-svart-hvitt-e1696158443339.jpg?resize=768%2C906&amp;ssl=1 768w, https:\/\/i0.wp.com\/jarleheitmann.no\/wp-content\/uploads\/2021\/06\/Profilbilde-Jarle-Heitmann-svart-hvitt-e1696158443339.jpg?resize=750%2C884&amp;ssl=1 750w, https:\/\/i0.wp.com\/jarleheitmann.no\/wp-content\/uploads\/2021\/06\/Profilbilde-Jarle-Heitmann-svart-hvitt-e1696158443339.jpg?w=960&amp;ssl=1 960w\" sizes=\"auto, (max-width: 868px) 100vw, 868px\" \/><\/a><\/figure>\n<\/div>\n\n\n<p class=\"has-text-align-left has-medium-font-size\"><sup><strong>Jarle Heitmann<\/strong> er <strong>statsviter<\/strong> med fordypning i kommunikasjon, omd\u00f8mme, ledelse og lokalstyre. <a href=\"https:\/\/hdl.handle.net\/10037\/29715\" target=\"_blank\" rel=\"noopener\">Masteroppgaven (2023)<\/a> fordypet seg i sosiale medier og politikkutforming. Han har lang bakgrunn som folkevalgt p\u00e5 lokal \u2013 og regionalt niv\u00e5 og med kommunikasjonsledelse p\u00e5 strategisk og operativt niv\u00e5.<br><br>Bl.a. som fylkessekret\u00e6r i Troms Arbeiderparti (1998-2003), politisk r\u00e5dgiver for fylkesr\u00e5dslederen i Troms fylkeskommune (2003-2007) og ordf\u00f8reren i <a href=\"https:\/\/tromso.kommune.no\/\" target=\"_blank\" rel=\"noreferrer noopener\">Troms\u00f8 kommune<\/a> (2009-2010), kommunikasjonssjef i Stiftelsen<a href=\"https:\/\/www.fairtrade.no\/\" target=\"_blank\" rel=\"noreferrer noopener\"> Fairtrade Norge<\/a> (2010),\u00a0 kampanjesjef i <a href=\"https:\/\/www.lhl.no\/\" target=\"_blank\" rel=\"noreferrer noopener\">LHL<\/a> (2010-2013), Communications- and PR-manager i Chess Olympiad 2014 (2013 \u2013 2014). Siden 2015 har han v\u00e6rt folkevalgt som gruppeleder for Arbeiderpartiet og utvalgsleder for finans- og n\u00e6ring (2015-2016) og Kultur- idrett- og friluftsliv (2019-2023) i Troms\u00f8 kommune. Han har ogs\u00e5 lang erfaring som styre- og m\u00f8teleder, bl.a i <a href=\"https:\/\/tromso.havn.no\/\" target=\"_blank\" rel=\"noreferrer noopener\">Troms\u00f8 havn KF<\/a> og en rekke underliggende aksjeselskap (2016 &#8211; 2024) og i Alfheim Stadion II AS (2017 &#8211; 2024). Han er for tiden styreleder i Bjerkakerhallen AS (som eies av Troms\u00f8 IL).<\/sup> <br><br><sup>Fra 1.8.24 er han ogs\u00e5 <a href=\"https:\/\/e-sportforbundet.no\/2024\/08\/02\/jarle-heitmann-ny-generalsekretaer-i-norges-e-sportforbund\/\" target=\"_blank\" rel=\"noreferrer noopener\">generalsekret\u00e6r i Norges E-sportforbund<\/a>. <\/sup><\/p>\n\n\n\n<h3 class=\"wp-block-heading\"><strong><br><\/strong>Velkommen til bloggen min!&nbsp;<\/h3>\n\n\n\n<p>P\u00e5 bloggen min kan dere lese mer om sosiale medier, kommunikasjon, medier, politikk, lokalstyre, digitale plattformer, idrett og trening, ytringsfrihet og samfunn, hvor jeg baserer meg p\u00e5 mine erfaringer, egen analyse og forskning gjennom studiene jeg har gjort for \u00e5 ta mastergraden i statsvitenskap. <\/p>\n\n\n\n<p>Har dere tips, kommentarer eller innspill? Legg igjen en kommentar p\u00e5 bloggen eller p\u00e5 mine <a href=\"http:\/\/gladitromso.no\/index.php\/sosiale-medier\/\">sosiale medier<\/a>-kanalene mine.<\/p>\n\n\n\n<p>Vil du bli enda bedre kjent med meg &#8211; sjekk ogs\u00e5 mine profilsider p\u00e5:<\/p>\n\n\n\n<h3 class=\"wp-block-heading\"><strong><a href=\"https:\/\/www.facebook.com\/JarleHeitmann\" target=\"_blank\" rel=\"noopener\">FACEBOOK<\/a><br><a href=\"https:\/\/www.linkedin.com\/in\/jarleheitmann\/\" target=\"_blank\" rel=\"noopener noreferrer\">LINKEDIN<\/a><br><a href=\"https:\/\/no.wikipedia.org\/wiki\/Jarle_Heitmann\">WIKIPEIDA<\/a><\/strong><\/h3>\n","protected":false},"excerpt":{"rendered":"<p>Jarle Heitmann er statsviter med fordypning i kommunikasjon, omd\u00f8mme, ledelse og lokalstyre. Masteroppgaven (2023) fordypet seg i sosiale medier og politikkutforming. Han har lang bakgrunn som folkevalgt p\u00e5 lokal \u2013 [&hellip;]<\/p>\n","protected":false},"author":1,"featured_media":0,"parent":0,"menu_order":1,"comment_status":"closed","ping_status":"closed","template":"","meta":{"jetpack_post_was_ever_published":false,"footnotes":""},"class_list":["post-16","page","type-page","status-publish","hentry"],"jetpack_sharing_enabled":true,"jetpack_shortlink":"https:\/\/wp.me\/P6OCVj-g","jetpack-related-posts":[],"_links":{"self":[{"href":"https:\/\/jarleheitmann.no\/index.php\/wp-json\/wp\/v2\/pages\/16","targetHints":{"allow":["GET"]}}],"collection":[{"href":"https:\/\/jarleheitmann.no\/index.php\/wp-json\/wp\/v2\/pages"}],"about":[{"href":"https:\/\/jarleheitmann.no\/index.php\/wp-json\/wp\/v2\/types\/page"}],"author":[{"embeddable":true,"href":"https:\/\/jarleheitmann.no\/index.php\/wp-json\/wp\/v2\/users\/1"}],"replies":[{"embeddable":true,"href":"https:\/\/jarleheitmann.no\/index.php\/wp-json\/wp\/v2\/comments?post=16"}],"version-history":[{"count":28,"href":"https:\/\/jarleheitmann.no\/index.php\/wp-json\/wp\/v2\/pages\/16\/revisions"}],"predecessor-version":[{"id":3134,"href":"https:\/\/jarleheitmann.no\/index.php\/wp-json\/wp\/v2\/pages\/16\/revisions\/3134"}],"wp:attachment":[{"href":"https:\/\/jarleheitmann.no\/index.php\/wp-json\/wp\/v2\/media?parent=16"}],"curies":[{"name":"wp","href":"https:\/\/api.w.org\/{rel}","templated":true}]}}