{"id":1908,"date":"2017-12-24T04:21:34","date_gmt":"2017-12-24T03:21:34","guid":{"rendered":"http:\/\/jarleheitmann.no\/wp-content\/uploads\/2017\/12\/Jarle-Aarbakke-_-Varaordf\u00f8rer-Troms\u00f8-kommune-_-The-Municipality-of-Tromso.jpg"},"modified":"2017-12-24T04:23:31","modified_gmt":"2017-12-24T03:23:31","slug":"tromso-kommune","status":"inherit","type":"attachment","link":"https:\/\/jarleheitmann.no\/index.php\/2017\/12\/24\/jarle-aarbakke-glad-tromso-glad-julaften-glad-nord-norge\/tromso-kommune\/","title":{"rendered":"Jarle Aarbakke &#8211; varaordf\u00f8rer i Troms\u00f8"},"author":2,"featured_media":0,"comment_status":"open","ping_status":"closed","template":"","meta":{"jetpack_post_was_ever_published":false},"class_list":["post-1908","attachment","type-attachment","status-inherit","hentry"],"jetpack_sharing_enabled":true,"jetpack_shortlink":"https:\/\/wp.me\/a6OCVj-uM","description":{"rendered":"<p class=\"attachment\"><a href=\"https:\/\/i0.wp.com\/jarleheitmann.no\/wp-content\/uploads\/2017\/12\/Jarle-Aarbakke-_-Varaordf%C3%B8rer-Troms%C3%B8-kommune-_-The-Municipality-of-Tromso-e1514085837781.jpg?ssl=1\"><img loading=\"lazy\" decoding=\"async\" width=\"251\" height=\"300\" src=\"https:\/\/i0.wp.com\/jarleheitmann.no\/wp-content\/uploads\/2017\/12\/Jarle-Aarbakke-_-Varaordf%C3%B8rer-Troms%C3%B8-kommune-_-The-Municipality-of-Tromso-e1514085837781.jpg?fit=251%2C300&amp;ssl=1\" class=\"attachment-medium size-medium\" alt=\"\" data-attachment-id=\"1908\" data-permalink=\"https:\/\/jarleheitmann.no\/index.php\/2017\/12\/24\/jarle-aarbakke-glad-tromso-glad-julaften-glad-nord-norge\/tromso-kommune\/\" data-orig-file=\"https:\/\/i0.wp.com\/jarleheitmann.no\/wp-content\/uploads\/2017\/12\/Jarle-Aarbakke-_-Varaordf%C3%B8rer-Troms%C3%B8-kommune-_-The-Municipality-of-Tromso-e1514085837781.jpg?fit=2896%2C3468&amp;ssl=1\" data-orig-size=\"2896,3468\" data-comments-opened=\"1\" data-image-meta=\"{&quot;aperture&quot;:&quot;0&quot;,&quot;credit&quot;:&quot;Edvard Kristiansen-Edvardk.com&quot;,&quot;camera&quot;:&quot;&quot;,&quot;caption&quot;:&quot;Troms\\u00f8 Kommune&quot;,&quot;created_timestamp&quot;:&quot;1481286284&quot;,&quot;copyright&quot;:&quot;Edvard Kristiansen&quot;,&quot;focal_length&quot;:&quot;0&quot;,&quot;iso&quot;:&quot;0&quot;,&quot;shutter_speed&quot;:&quot;0&quot;,&quot;title&quot;:&quot;Troms\\u00f8 Kommune&quot;,&quot;orientation&quot;:&quot;0&quot;}\" data-image-title=\"Jarle Aarbakke &amp;#8211; varaordf\u00f8rer i Troms\u00f8\" data-image-description=\"\" data-image-caption=\"&lt;p&gt;Jarle Aarbakke (Ap) er varaordf\u00f8rer i Troms\u00f8 kommune 2016-2019.&lt;\/p&gt;\n\" data-medium-file=\"https:\/\/i0.wp.com\/jarleheitmann.no\/wp-content\/uploads\/2017\/12\/Jarle-Aarbakke-_-Varaordf%C3%B8rer-Troms%C3%B8-kommune-_-The-Municipality-of-Tromso-e1514085837781.jpg?fit=251%2C300&amp;ssl=1\" data-large-file=\"https:\/\/i0.wp.com\/jarleheitmann.no\/wp-content\/uploads\/2017\/12\/Jarle-Aarbakke-_-Varaordf%C3%B8rer-Troms%C3%B8-kommune-_-The-Municipality-of-Tromso-e1514085837781.jpg?fit=855%2C1024&amp;ssl=1\" \/><\/a><\/p>\n"},"caption":{"rendered":"<p>Jarle Aarbakke (Ap) er varaordf\u00f8rer i Troms\u00f8 kommune 2016-2019.<\/p>\n"},"alt_text":"","media_type":"image","mime_type":"image\/jpeg","media_details":{"width":2896,"height":3468,"file":"2017\/12\/Jarle-Aarbakke-_-Varaordf\u00f8rer-Troms\u00f8-kommune-_-The-Municipality-of-Tromso-e1514085837781.jpg","sizes":{"thumbnail":{"file":"Jarle-Aarbakke-_-Varaordf\u00f8rer-Troms\u00f8-kommune-_-The-Municipality-of-Tromso-e1514085837781-150x150.jpg","width":150,"height":150,"mime_type":"image\/jpeg","source_url":"https:\/\/i0.wp.com\/jarleheitmann.no\/wp-content\/uploads\/2017\/12\/Jarle-Aarbakke-_-Varaordf%C3%B8rer-Troms%C3%B8-kommune-_-The-Municipality-of-Tromso-e1514085837781.jpg?resize=150%2C150&ssl=1"},"medium":{"file":"Jarle-Aarbakke-_-Varaordf\u00f8rer-Troms\u00f8-kommune-_-The-Municipality-of-Tromso-e1514085837781-251x300.jpg","width":251,"height":300,"mime_type":"image\/jpeg","source_url":"https:\/\/i0.wp.com\/jarleheitmann.no\/wp-content\/uploads\/2017\/12\/Jarle-Aarbakke-_-Varaordf%C3%B8rer-Troms%C3%B8-kommune-_-The-Municipality-of-Tromso-e1514085837781.jpg?fit=251%2C300&ssl=1"},"medium_large":{"file":"Jarle-Aarbakke-_-Varaordf\u00f8rer-Troms\u00f8-kommune-_-The-Municipality-of-Tromso-e1514085837781-768x920.jpg","width":768,"height":920,"mime_type":"image\/jpeg","source_url":"https:\/\/i0.wp.com\/jarleheitmann.no\/wp-content\/uploads\/2017\/12\/Jarle-Aarbakke-_-Varaordf%C3%B8rer-Troms%C3%B8-kommune-_-The-Municipality-of-Tromso-e1514085837781.jpg?fit=768%2C920&ssl=1"},"large":{"file":"Jarle-Aarbakke-_-Varaordf\u00f8rer-Troms\u00f8-kommune-_-The-Municipality-of-Tromso-e1514085837781-855x1024.jpg","width":855,"height":1024,"mime_type":"image\/jpeg","source_url":"https:\/\/i0.wp.com\/jarleheitmann.no\/wp-content\/uploads\/2017\/12\/Jarle-Aarbakke-_-Varaordf%C3%B8rer-Troms%C3%B8-kommune-_-The-Municipality-of-Tromso-e1514085837781.jpg?fit=855%2C1024&ssl=1"},"alizee-thumb":{"file":"Jarle-Aarbakke-_-Varaordf\u00f8rer-Troms\u00f8-kommune-_-The-Municipality-of-Tromso-e1514085837781-750x898.jpg","width":750,"height":898,"mime_type":"image\/jpeg","source_url":"https:\/\/i0.wp.com\/jarleheitmann.no\/wp-content\/uploads\/2017\/12\/Jarle-Aarbakke-_-Varaordf%C3%B8rer-Troms%C3%B8-kommune-_-The-Municipality-of-Tromso-e1514085837781.jpg?fit=750%2C898&ssl=1"},"full":{"file":"Jarle-Aarbakke-_-Varaordf%C3%B8rer-Troms%C3%B8-kommune-_-The-Municipality-of-Tromso-e1514085837781.jpg?fit=2896%2C3468&ssl=1","width":2896,"height":3468,"mime_type":"image\/jpeg","source_url":"https:\/\/i0.wp.com\/jarleheitmann.no\/wp-content\/uploads\/2017\/12\/Jarle-Aarbakke-_-Varaordf%C3%B8rer-Troms%C3%B8-kommune-_-The-Municipality-of-Tromso-e1514085837781.jpg?fit=2896%2C3468&ssl=1"}},"image_meta":{"aperture":"0","credit":"Edvard Kristiansen-Edvardk.com","camera":"","caption":"Troms\u00f8 Kommune","created_timestamp":"1481286284","copyright":"Edvard Kristiansen","focal_length":"0","iso":"0","shutter_speed":"0","title":"Troms\u00f8 Kommune","orientation":"0","keywords":[]}},"post":1907,"source_url":"https:\/\/jarleheitmann.no\/wp-content\/uploads\/2017\/12\/Jarle-Aarbakke-_-Varaordf\u00f8rer-Troms\u00f8-kommune-_-The-Municipality-of-Tromso-e1514085837781.jpg","_links":{"self":[{"href":"https:\/\/jarleheitmann.no\/index.php\/wp-json\/wp\/v2\/media\/1908","targetHints":{"allow":["GET"]}}],"collection":[{"href":"https:\/\/jarleheitmann.no\/index.php\/wp-json\/wp\/v2\/media"}],"about":[{"href":"https:\/\/jarleheitmann.no\/index.php\/wp-json\/wp\/v2\/types\/attachment"}],"author":[{"embeddable":true,"href":"https:\/\/jarleheitmann.no\/index.php\/wp-json\/wp\/v2\/users\/2"}],"replies":[{"embeddable":true,"href":"https:\/\/jarleheitmann.no\/index.php\/wp-json\/wp\/v2\/comments?post=1908"}],"wp:attached-to":[{"embeddable":true,"post_type":"post","id":1907,"href":"https:\/\/jarleheitmann.no\/index.php\/wp-json\/wp\/v2\/posts\/1907"}],"curies":[{"name":"wp","href":"https:\/\/api.w.org\/{rel}","templated":true}]}}

http://jarleheitmann.no/wp-content/uploads/2017/12/Jarle-Aarbakke-_-Varaordfører-Tromsø-kommune-_-The-Municipality-of-Tromso.jpg

Jarle Aarbakke &#8211; varaordfører i Tromsø

<p class="attachment"><a href="https://i0.wp.com/jarleheitmann.no/wp-content/uploads/2017/12/Jarle-Aarbakke-_-Varaordf%C3%B8rer-Troms%C3%B8-kommune-_-The-Municipality-of-Tromso-e1514085837781.jpg?ssl=1"><img loading="lazy" decoding="async" width="251" height="300" src="https://i0.wp.com/jarleheitmann.no/wp-content/uploads/2017/12/Jarle-Aarbakke-_-Varaordf%C3%B8rer-Troms%C3%B8-kommune-_-The-Municipality-of-Tromso-e1514085837781.jpg?fit=251%2C300&amp;ssl=1" class="attachment-medium size-medium" alt="" data-attachment-id="1908" data-permalink="https://jarleheitmann.no/index.php/2017/12/24/jarle-aarbakke-glad-tromso-glad-julaften-glad-nord-norge/tromso-kommune/" data-orig-file="https://i0.wp.com/jarleheitmann.no/wp-content/uploads/2017/12/Jarle-Aarbakke-_-Varaordf%C3%B8rer-Troms%C3%B8-kommune-_-The-Municipality-of-Tromso-e1514085837781.jpg?fit=2896%2C3468&amp;ssl=1" data-orig-size="2896,3468" data-comments-opened="1" data-image-meta="{&quot;aperture&quot;:&quot;0&quot;,&quot;credit&quot;:&quot;Edvard Kristiansen-Edvardk.com&quot;,&quot;camera&quot;:&quot;&quot;,&quot;caption&quot;:&quot;Troms\u00f8 Kommune&quot;,&quot;created_timestamp&quot;:&quot;1481286284&quot;,&quot;copyright&quot;:&quot;Edvard Kristiansen&quot;,&quot;focal_length&quot;:&quot;0&quot;,&quot;iso&quot;:&quot;0&quot;,&quot;shutter_speed&quot;:&quot;0&quot;,&quot;title&quot;:&quot;Troms\u00f8 Kommune&quot;,&quot;orientation&quot;:&quot;0&quot;}" data-image-title="Jarle Aarbakke &amp;#8211; varaordfører i Tromsø" data-image-description="" data-image-caption="&lt;p&gt;Jarle Aarbakke (Ap) er varaordfører i Tromsø kommune 2016-2019.&lt;/p&gt;
" data-medium-file="https://i0.wp.com/jarleheitmann.no/wp-content/uploads/2017/12/Jarle-Aarbakke-_-Varaordf%C3%B8rer-Troms%C3%B8-kommune-_-The-Municipality-of-Tromso-e1514085837781.jpg?fit=251%2C300&amp;ssl=1" data-large-file="https://i0.wp.com/jarleheitmann.no/wp-content/uploads/2017/12/Jarle-Aarbakke-_-Varaordf%C3%B8rer-Troms%C3%B8-kommune-_-The-Municipality-of-Tromso-e1514085837781.jpg?fit=855%2C1024&amp;ssl=1" /></a></p>

<p>Jarle Aarbakke (Ap) er varaordfører i Tromsø kommune 2016-2019.</p>

2017/12/Jarle-Aarbakke-_-Varaordfører-Tromsø-kommune-_-The-Municipality-of-Tromso-e1514085837781.jpg

Jarle-Aarbakke-_-Varaordfører-Tromsø-kommune-_-The-Municipality-of-Tromso-e1514085837781-150x150.jpg

Jarle-Aarbakke-_-Varaordfører-Tromsø-kommune-_-The-Municipality-of-Tromso-e1514085837781-251x300.jpg

Jarle-Aarbakke-_-Varaordfører-Tromsø-kommune-_-The-Municipality-of-Tromso-e1514085837781-768x920.jpg

Jarle-Aarbakke-_-Varaordfører-Tromsø-kommune-_-The-Municipality-of-Tromso-e1514085837781-855x1024.jpg

Jarle-Aarbakke-_-Varaordfører-Tromsø-kommune-_-The-Municipality-of-Tromso-e1514085837781-750x898.jpg

Tromsø Kommune

https://jarleheitmann.no/wp-content/uploads/2017/12/Jarle-Aarbakke-_-Varaordfører-Tromsø-kommune-_-The-Municipality-of-Tromso-e1514085837781.jpg
